-2*j + 8, -3 + 23 = 5*j. Suppose 4*b - 14*b - 260 = d. Let t = -31 - b. Let r(v) = -v**2 - 6*v + 2. What is r(t)?
7
Let h be (315/(-27) + 15)*(-6)/(-4). Let c(u) be the first derivative of -u**3/6 - u**2/2 - 3*u - 3. Let m(a) be the first derivative of c(a). Give m(h).
-6
Let p(g) = 2*g**3 - 13*g**2 - 8*g + 11. Let n be p(7). Let i(l) = -3 + 2*l - 13 - n*l - 4*l + 5 + l**2. What is i(8)?
5
Let q(i) = -7*i. Suppose 0 = -5*t - 2*d - 519, -2*t + 3*d - d = 202. Let z = 107 + t. Calculate q(z).
-28
Suppose -367*z + 369*z - 10 = 0. Suppose -z*q = 6 - 31. Let h(r) = r**2 - 4*r - 3. Determine h(q).
2
Let u(f) = 2*f - 1 - f**3 + 2*f**2 - 2*f. Let p be (-8 - 42/(-7))*-8. Suppose -13*q + p*q = -3*b, -4*q + 10 = -b. Give u(q).
-1
Let f(y) = 7*y + y - y. Let b(o) = 14*o - 291. Let x be b(21). Determine f(x).
21
Let v(s) be the second derivative of -s**5/20 - 5*s**4/6 + 5*s**3/2 + 5*s**2/2 - 2*s - 101. Determine v(-11).
-39
Let l(q) = q**2 - 11*q - 5. Suppose -g + 5*v = 7, v + 1 = g - 2*v. Calculate l(g).
21
Let x be 6/18 - (-104)/12. Suppose -4*p - 4*s = -x*p - 12, 0 = 3*p - 4*s + 12. Let k(u) = -u + 2. Determine k(p).
2
Let x(g) be the third derivative of -g**6/120 + g**5/5 - 11*g**4/24 + 7*g**3/6 - 5633*g**2 - 2*g. Give x(11).
7
Let b(v) = v**2 - 23*v + 45. Let q(d) = 13*d**2 + 86*d - 258. Let r be q(-9). What is b(r)?
3
Let z(a) be the first derivative of -7*a**3/3 - a + 6. Let h(v) = v**2 + 10*v + 10. Suppose -o - 17 = 4*c, -c = 1 + 1. Let x be h(o). Calculate z(x).
-8
Let i(d) = 52*d - 9. Let t(g) = 443*g - 72. Let c(q) = 17*i(q) - 2*t(q). What is c(10)?
-29
Let d = -3 + 29. Suppose 5*l = n + 11, 4*l + 5*n = n + 28. Let a(t) = -l*t**3 - 28*t + d*t + 4*t**2 + 6 + 2*t**3. What is a(4)?
-2
Let l(p) = -3*p**2 + 2*p**2 - 6*p - 2*p + 12*p + p. Determine l(-4).
-36
Let c(z) = 854*z**3 + 3*z**2 - z + 5*z**2 - 2*z - 855*z**3 - z + 8. Give c(8).
-24
Let h = 56 - 54. Let c be 62/(-93)*1/(h/(-12)). Let b(p) be the second derivative of p**5/20 - p**4/3 - 5*p**2/2 + 9*p. Give b(c).
-5
Suppose h = 4, l = 5*h - 4*h - 4. Suppose l = -50*g + 46*g + 28. Let t(q) be the third derivative of q**5/60 - 7*q**4/24 - 7*q**3/6 - q**2. What is t(g)?
-7
Let r(v) be the second derivative of v**4/12 + 17*v**3/6 + 17*v**2/2 + 28*v - 3. Let u be r(-16). Let q(s) = -22*s**3 - 3*s + 2. What is q(u)?
-23
Let q(l) be the third derivative of l**8/6720 + l**6/360 + l**5/120 - 101*l**4/24 - 56*l**2. Let o(h) be the second derivative of q(h). Give o(2).
13
Let t(h) = -h**2 + 31. Suppose -26*n + 145 = 15. What is t(n)?
6
Let r(n) be the second derivative of -2*n**3 + 124*n**2 + n - 519. Calculate r(21).
-4
Let m(h) = -2*h**3 - 20*h**2 + 52*h + 37. Let k be m(-12). Let d(l) = 2*l**2 + 19*l - 10. Determine d(k).
23
Suppose 11*j - 2*j = 5*j. Let k(x) be the first derivative of 0*x**2 - 1/3*x**3 + 4*x - 4. Calculate k(j).
4
Let k be (-11)/(297/18) + 3/(-9) + 13. Let q(x) = -2*x - 14. Give q(k).
-38
Let s(l) = 4*l + 92. Let c be s(-16). Suppose c*j - 27 = j. Let z(d) = -12*d - 1. Give z(j).
-13
Let o(q) = q**3 + 2*q**2 - 17*q - 3. Let d be o(-5). Let j(a) be the second derivative of 2*a**3/3 - 7*a**2/2 + 67*a - 2. What is j(d)?
21
Let m = 19914 + -19918. Let i(p) = p**2 + 28*p + 87. What is i(m)?
-9
Suppose -14 = -3*a + 5*z, 0 = 3*a - 7*z - z + 10. Let d(u) = u - 5. Calculate d(a).
13
Let g(l) be the third derivative of -l**4/24 - 11*l**3/6 + 4*l**2. Let r(h) = 10*h**2 + 48*h - 20. Let o be r(-5). Calculate g(o).
-1
Let g(x) = -x**3 - 2*x + 4. Let f(c) = c**3 - c**2 - 8*c + 15. Let j be f(2). Determine g(j).
-29
Suppose -17*t + 264 = 27*t. Let o(x) = -11*x**2 - 8*x + 5. Let n(m) = 9*m**2 + 7*m - 4. Let r(h) = t*n(h) + 5*o(h). Let b = 6 + -8. Give r(b).
-7
Let a(q) = 13*q + 134. Let w(n) = -213*n - 2142. Let g(c) = -33*a(c) - 2*w(c). Determine g(-39).
-21
Let b(f) = 3*f**2 - 2. Let a(v) = -11*v**2 - 21*v + 12. Let h(w) = a(w) + 4*b(w). What is h(21)?
4
Let c(v) = 21*v + 55. Let n be 110/66 - (-280)/(-60). Calculate c(n).
-8
Let s(j) be the third derivative of -j**5/60 + 23*j**4/24 + 38*j**3/3 - 208*j**2 + 2*j - 1. What is s(25)?
26
Let q = -10100 + 10115. Let w(g) = 32*g - 486. What is w(q)?
-6
Suppose -4*x - 110 + 94 = 4*z, 28 = x - 3*z. Let k(n) be the first derivative of n**3/3 - 3*n**2/2 + 4*n - 1. Give k(x).
8
Suppose 0 = -5*j - 83 + 143. Let a(p) = -p**2 + 12*p - 7. Let o be a(j). Let t be (3 - 5)*(-2)/(-4)*o. Let k(h) = -h - 6. Determine k(t).
-13
Let k be (-20)/(-150) - (188/60 - 3). Let u(j) = -9*j**2 - 7 - 1 + k + 10*j**2. What is u(-6)?
28
Let r(b) = -b**3 - 11*b**2 - 11*b - 8. Suppose -m + 103 = -2*v + 4*m, -3*v - 161 = -m. Let j be v/(-36) - 46/4. What is r(j)?
2
Let h be (1 - -8)*(-2 - (-7)/3). Let f(i) = -5 + h*i - 3 - 3*i - i. Let w(a) = -2*a - 1. Let g be w(2). What is f(g)?
-3
Suppose -11*i = 34 - 210. Let u(n) = 7 - 13*n - 7*n + i*n. Give u(3).
-5
Suppose -23 = -i - d + 3*d, 0 = i - 3*d - 23. Let z be (0 - 0) + -4 + i + -19. Let g(p) = -p - 4. Let n(l) = -l - 4. Let j(m) = 5*g(m) - 4*n(m). Give j(z).
-4
Let p(a) = 0*a**2 + 3*a + a**2 - 24*a + 0*a + 60 + 7*a. Give p(9).
15
Suppose -323 + 114 - 901 = -370*u. Let w(c) = 2*c**3 - 5*c**2 + 3*c. Determine w(u).
18
Let o(s) = -s**3 - 3*s**2 - 2*s - 2. Suppose 2*c = 85 - 79. Suppose 0 = -c*m, 5*m + 10 = -3*j + 5*j. Suppose 6*k - j*k + 4 = -u, -k - 2 = 0. Determine o(u).
-2
Let t(l) = 11*l**2 - 46*l - 14. Let o(w) = -20*w**2 + 84*w + 27. Let v(z) = -6*o(z) - 11*t(z). Give v(5).
-23
Let x(i) = -i - 319. Let f(h) = 2*h + 532. Let u(p) = 3*f(p) + 5*x(p). Suppose 5*r + 43 = -3*w, 0*r - 4*w = -r - 4. Calculate u(r).
-7
Suppose 33*d - 28*d - 15 = 0. Suppose -4*m + m = d*m. Suppose m = 4*b + 2*z + 30, -2*z = -4*z + 10. Let s(n) = n + 17. Calculate s(b).
7
Let f(h) = -h + 3. Let d = -11 - -27. Suppose -3*z - 28 = -2*l - 5*z, -4*l + 4*z + d = 0. Let u be 3/l*4*(-5 + -1). What is f(u)?
11
Let t(h) be the third derivative of -h**6/120 + 7*h**5/30 - 2*h**4/3 + 5*h**3/6 - 2020*h**2. Determine t(13).
-34
Let r(f) = -f**2 - 11*f - 3. Let u be r(-10). Suppose 4*g = 2*s - u - 15, -2*s = 2*g - 4. Let t(p) = -3*p**2 + 3*p + 2. What is t(g)?
-34
Let j(v) = -18*v + 53. Let t(c) = -38*c + 106. Let i(h) = -9*j(h) + 4*t(h). Give i(0).
-53
Let c(n) = 3*n**2 - 2*n + 65. Let v(z) = -8*z**2 + 7*z - 196. Let i(q) = -11*c(q) - 4*v(q). Give i(-12).
-3
Suppose 0 = 38*o - 28*o + 10. Let d(h) = -h + 1. Let k(q) = -3*q + 8. Let y(f) = o*k(f) + 4*d(f). Give y(-5).
1
Let b = 465 + -462. Let n(d) = -2*d**b - 3 + 10*d**3 - 7*d**3 + 3 + 6 + 8*d**2 - d. Determine n(-8).
14
Let n be -146 - (-3 + (-1 - -6)). Let v be ((-333)/n)/(((-18)/(-8))/3). Let g(l) = -l**3 + 3*l**2 - 4*l + 2. Give g(v).
-10
Let z(q) = 34*q + 66. Let u(r) = 33*r + 48. Let i(t) = -3*u(t) + 2*z(t). Give i(-1).
19
Let p(b) = 1485 + b - 747 - 747. Let t be (-60)/12*(-2)/(-15)*-21. Give p(t).
5
Suppose 5*m = 3*m - 6. Let f be 5*8 - (-5 - m). Let n(j) = -32 - f + 76 - j. Give n(2).
0
Let b(m) be the third derivative of -m**6/24 + 17*m**5/60 + 5*m**4/8 - 5*m**3/6 + 129*m**2 - 9. What is b(4)?
7
Let a(i) = 6*i - 1. Suppose 3*v - 2*v + 29 = 0. Let d(b) = b**2 + 6*b + 4. Let s be d(-9). Let u = v + s. Give a(u).
11
Let n(s) = -4*s**3 + 20*s**2 + 2*s + 1. Suppose j = -h + 4, -70*j - 3*h + 7 = -68*j. Calculate n(j).
11
Let r(v) = v**2 + 10*v + 1. Let c be ((-1)/3)/((-91)/(-2457)). Give r(c).
-8
Let s(v) be the first derivative of -v**4/24 - v**3 + 3*v**2/2 - 58. Let r(n) be the second derivative of s(n). Give r(-3).
-3
Let l(v) = v**2 - v - 3. Let q(x) = 6*x - 3. Let k(c) = 2*l(c) - q(c). Give k(3).
-9
Let k(m) = -2*m**2 - 51. Let i(c) = -c**2 + 2*c - 14. Let w(h) = -3*i(h) + k(h). What is w(5)?
-14
Let o(b) = b**3 + 7*b**2 - 53*b**2 + 17*b**2 - 2*b**3 + 34*b + 15*b**2 + 11. What is o(-16)?
-21
Let d be (1 + (-7 - -6))/(0 + 1). Let k(m) = -4*m - m**2 + m**3 + 4*m**2 + d*m**2 - 2. Let n(c) = -c**2 + 7*c + 4. Let g be n(8). Give k(g).
-2
Let z be 7 + 0 - (-4 - (1 - 3)). Suppose 2*t = w - z, -w + 9 = t - 2*t. Let d(f) = f**3 - 9*f**2 - f + 6. Calculate d(w).
-3
Let u(t) = -t + 12. Let f be u(6). Let k be (-4 - (-27)/f)*18. Let w(q) = -q**2 + 3*q + 5 - k + 3. Determine w(4).
-5
Let w(x) = -x**2 + 15*x + 70. Suppose -4182 = -451*t + 3485. Determine w(t).
36
Let h(m) be the second derivative of m**4/6 - 17*m**3/6 - 24*m**